{"id":207,"date":"2021-12-21T17:44:16","date_gmt":"2021-12-21T17:44:16","guid":{"rendered":"https:\/\/carthage-tech.net\/demo\/agency\/?page_id=207"},"modified":"2023-11-22T17:08:54","modified_gmt":"2023-11-22T16:08:54","slug":"nos-services","status":"publish","type":"page","link":"https:\/\/tmagency-dz.com\/?page_id=207","title":{"rendered":"Nos services"},"content":{"rendered":"<section class=\"wpb-content-wrapper\"><p>[vc_row full_width=\u00a0\u00bbstretch_row_content_no_spaces\u00a0\u00bb row_style=\u00a0\u00bbfull-width\u00a0\u00bb vertical_align=\u00a0\u00bbmiddle\u00a0\u00bb padding_size=\u00a0\u00bbno-padding\u00a0\u00bb el_id=\u00a0\u00bbserv1&Prime;][vc_column width=\u00a0\u00bb1\/2&Prime; padding_size=\u00a0\u00bbl-padding\u00a0\u00bb][vc_custom_heading text=\u00a0\u00bbMarketing operationnel\u00a0\u00bb font_container=\u00a0\u00bbtag:h2|font_size:50px|text_align:left|color:%23333333|line_height:1.1&Prime; google_fonts=\u00a0\u00bbfont_family:Montserrat%3Aregular%2C700|font_style:700%20bold%20regular%3A700%3Anormal\u00a0\u00bb css_animation=\u00a0\u00bbfadeInDown\u00a0\u00bb text_transform=\u00a0\u00bbnone\u00a0\u00bb animation=\u00a0\u00bbfadeInLeft\u00a0\u00bb css=\u00a0\u00bb.vc_custom_1640109213214{padding-left: 10px !important;}\u00a0\u00bb]<div class=\"cz_gap clr \" style=\"height: 20px\"><\/div>[vc_row_inner css=\u00a0\u00bb.vc_custom_1437650224391{margin-right: 2% !important;margin-left: 5% !important;}\u00a0\u00bb][vc_column_inner][vc_column_text css_animation=\u00a0\u00bbfadeInLeft\u00a0\u00bb css=\u00a0\u00bb.vc_custom_1640109222901{margin-top: -13px !important;padding-right: 10% !important;}\u00a0\u00bb]<span style=\"font-size: 14px;\">Notre p\u00e9rim\u00e8tre d&rsquo;intervention couvre :<\/span><\/p>\n<ul>\n<li><span style=\"font-size: 14px;\">La Promotion<\/span><\/li>\n<li><span style=\"font-size: 14px;\">Objets promotionnels<\/span><\/li>\n<\/ul>\n<p><span style=\"font-size: 14px;\">Notre objectif est de vous accompagner dans le cheminement de votre r\u00e9flexion, en amont des campagnes, pour vous aider \u00e0 mieux atteindre vos objectifs.<\/span><br \/>\n<span style=\"font-size: 14px;\">Nous vous accompagnons de la r\u00e9flexion strat\u00e9gique \u00e0 la mise en \u0153uvre d&rsquo;actions promotionnelles.<\/span><br \/>\n<span style=\"font-size: 14px;\">Afin de garantir la r\u00e9ussite de sa mission, <strong>TM AGENCY<\/strong> s\u2019attache dans un premier temps \u00e0 bien \u00e9couter et conna\u00eetre son client, \u00e0 comprendre sa demande et l&rsquo;analyser.<\/span><br \/>\n<span style=\"font-size: 14px;\">Cette r\u00e9flexion en amont permet \u00e0 l\u2019agence de vous proposer des solutions innovantes et sur mesure qui respectent vos valeurs et s&rsquo;int\u00e8grent dans votre strat\u00e9gie. Face \u00e0 la multiplication des offres et des messages, il est de plus en plus difficile de retenir l&rsquo;attention des cibles, sur-sollicit\u00e9es en permanence.<\/span>[\/vc_column_text][\/vc_column_inner][\/vc_row_inner][\/vc_column][vc_column width=\u00a0\u00bb1\/2&Prime; padding_size=\u00a0\u00bbno-padding\u00a0\u00bb background_color=\u00a0\u00bbrgba(255,255,255,0.7)\u00a0\u00bb css=\u00a0\u00bb.vc_custom_1700669096867{background-image: url(https:\/\/tmagency-dz.com\/wp-content\/uploads\/2021\/12\/Image2.png?id=208) !important;background-position: center !important;background-repeat: no-repeat !important;background-size: cover !important;}\u00a0\u00bb]<div class=\"cz_gap clr \" style=\"height: 590px\"><\/div>[\/vc_column][\/vc_row][vc_row full_width=\u00a0\u00bbstretch_row_content_no_spaces\u00a0\u00bb row_style=\u00a0\u00bbfull-width\u00a0\u00bb vertical_align=\u00a0\u00bbmiddle\u00a0\u00bb padding_size=\u00a0\u00bbno-padding\u00a0\u00bb el_id=\u00a0\u00bbserv2&Prime;][vc_column width=\u00a0\u00bb1\/2&Prime; padding_size=\u00a0\u00bbno-padding\u00a0\u00bb background_color=\u00a0\u00bbrgba(255,255,255,0.7)\u00a0\u00bb css=\u00a0\u00bb.vc_custom_1700669151791{background-image: url(https:\/\/tmagency-dz.com\/wp-content\/uploads\/2021\/12\/Image3-8.jpg?id=220) !important;background-position: center !important;background-repeat: no-repeat !important;background-size: cover !important;}\u00a0\u00bb]<div class=\"cz_gap clr \" style=\"height: 640px\"><\/div>[\/vc_column][vc_column width=\u00a0\u00bb1\/2&Prime; padding_size=\u00a0\u00bbl-padding\u00a0\u00bb][vc_custom_heading text=\u00a0\u00bbTrade marketing\u00a0\u00bb font_container=\u00a0\u00bbtag:h2|font_size:50px|text_align:left|color:%23333333|line_height:1.1&Prime; google_fonts=\u00a0\u00bbfont_family:Montserrat%3Aregular%2C700|font_style:700%20bold%20regular%3A700%3Anormal\u00a0\u00bb css_animation=\u00a0\u00bbfadeInDown\u00a0\u00bb text_transform=\u00a0\u00bbnone\u00a0\u00bb animation=\u00a0\u00bbfadeInLeft\u00a0\u00bb css=\u00a0\u00bb.vc_custom_1640109236182{padding-top: 20px !important;padding-left: 10px !important;}\u00a0\u00bb][vc_row_inner css=\u00a0\u00bb.vc_custom_1437650224391{margin-right: 2% !important;margin-left: 5% !important;}\u00a0\u00bb][vc_column_inner][vc_empty_space height=\u00a0\u00bb20px\u00a0\u00bb][vc_column_text css_animation=\u00a0\u00bbfadeInRight\u00a0\u00bb css=\u00a0\u00bb.vc_custom_1640109246356{margin-top: -13px !important;padding-right: 10% !important;}\u00a0\u00bb]<span style=\"font-size: 14px;\"><b>TM AGENCY<\/b> d\u00e9veloppe des solutions globales pour optimiser votre pr\u00e9sence et renforcer votre notori\u00e9t\u00e9 sur les points de vente, par l&rsquo;interm\u00e9diaire de campagnes marketing pertinentes.<\/span><br \/>\n<span style=\"font-size: 14px;\">Nous proposons des strat\u00e9gies \u00e0 chaque niveau de votre r\u00e9seau de distribution gr\u00e2ce \u00e0 des outils d&rsquo;aide \u00e0 la vente :<\/span><\/p>\n<ul>\n<li><span style=\"font-size: 14px;\">Brochures<\/span><\/li>\n<li><span style=\"font-size: 14px;\">PLV<\/span><\/li>\n<li><span style=\"font-size: 14px;\">Goodies<\/span><\/li>\n<\/ul>\n<p><span style=\"font-size: 14px;\">Des solutions globales pour optimiser votre pr\u00e9sence sur les points de vente sont \u00e9galement misent en place par notre agence, par l\u2019interm\u00e9diaire :<\/span><\/p>\n<ul>\n<li><span style=\"font-size: 14px;\">D\u00e9monstrateurs de vos produits<\/span><\/li>\n<li><span style=\"font-size: 14px;\">Animations commerciales<\/span><\/li>\n<li><span style=\"font-size: 14px;\">H\u00f4tes et H\u00f4tesse d\u2019accueil<\/span><\/li>\n<\/ul>\n<p>[\/vc_column_text][\/vc_column_inner][\/vc_row_inner][\/vc_column][\/vc_row][vc_row full_width=\u00a0\u00bbstretch_row_content_no_spaces\u00a0\u00bb row_style=\u00a0\u00bbfull-width\u00a0\u00bb vertical_align=\u00a0\u00bbmiddle\u00a0\u00bb padding_size=\u00a0\u00bbno-padding\u00a0\u00bb el_id=\u00a0\u00bbserv3&Prime;][vc_column width=\u00a0\u00bb1\/2&Prime; padding_size=\u00a0\u00bbl-padding\u00a0\u00bb][vc_custom_heading text=\u00a0\u00bbMerchandising\u00a0\u00bb font_container=\u00a0\u00bbtag:h2|font_size:50px|text_align:left|color:%23333333|line_height:1.1&Prime; google_fonts=\u00a0\u00bbfont_family:Montserrat%3Aregular%2C700|font_style:700%20bold%20regular%3A700%3Anormal\u00a0\u00bb css_animation=\u00a0\u00bbfadeInDown\u00a0\u00bb text_transform=\u00a0\u00bbnone\u00a0\u00bb animation=\u00a0\u00bbfadeInLeft\u00a0\u00bb css=\u00a0\u00bb.vc_custom_1640109256688{padding-top: 20px !important;padding-left: 10px !important;}\u00a0\u00bb][vc_row_inner css=\u00a0\u00bb.vc_custom_1437650224391{margin-right: 2% !important;margin-left: 5% !important;}\u00a0\u00bb][vc_column_inner][vc_empty_space height=\u00a0\u00bb20px\u00a0\u00bb][vc_column_text css_animation=\u00a0\u00bbfadeInLeft\u00a0\u00bb css=\u00a0\u00bb.vc_custom_1640109265649{margin-top: -13px !important;padding-right: 10% !important;}\u00a0\u00bb]<span style=\"font-size: 14px;\">Nous trouvons notre c\u0153ur de m\u00e9tier dans l\u2019art et la mani\u00e8re de sublimer l\u2019objet promotionnel.<\/span><br \/>\n<span style=\"font-size: 14px;\">Nous d\u00e9veloppons ainsi votre communication par l&rsquo;objet publicitaire gr\u00e2ce \u00e0 notre savoir-faire en vous accompagnant dans toutes les \u00e9tapes du processus :<\/span><\/p>\n<ul>\n<li><span style=\"font-size: 14px;\">La conception<\/span><\/li>\n<li><span style=\"font-size: 14px;\">La fabrication<\/span><\/li>\n<li><span style=\"font-size: 14px;\">La distribution<\/span><\/li>\n<\/ul>\n<p><span style=\"font-size: 14px;\">Le secret de notre r\u00e9activit\u00e9 r\u00e9side dans la synergie des comp\u00e9tences de notre \u00e9quipe, anim\u00e9e par le d\u00e9sir de r\u00e9aliser des campagnes efficaces.<\/span>[\/vc_column_text][\/vc_column_inner][\/vc_row_inner][\/vc_column][vc_column width=\u00a0\u00bb1\/2&Prime; padding_size=\u00a0\u00bbno-padding\u00a0\u00bb background_color=\u00a0\u00bbrgba(255,255,255,0.7)\u00a0\u00bb css=\u00a0\u00bb.vc_custom_1700669201874{background-image: url(https:\/\/tmagency-dz.com\/wp-content\/uploads\/2021\/12\/Merchandising.jpg?id=233) !important;background-position: center !important;background-repeat: no-repeat !important;background-size: cover !important;}\u00a0\u00bb]<div class=\"cz_gap clr \" style=\"height: 500px\"><\/div>[\/vc_column][\/vc_row][vc_row full_width=\u00a0\u00bbstretch_row_content_no_spaces\u00a0\u00bb row_style=\u00a0\u00bbfull-width\u00a0\u00bb vertical_align=\u00a0\u00bbmiddle\u00a0\u00bb padding_size=\u00a0\u00bbno-padding\u00a0\u00bb el_id=\u00a0\u00bbserv4&Prime;][vc_column width=\u00a0\u00bb1\/2&Prime; padding_size=\u00a0\u00bbno-padding\u00a0\u00bb background_color=\u00a0\u00bbrgba(255,255,255,0.7)\u00a0\u00bb css=\u00a0\u00bb.vc_custom_1700669254867{background-image: url(https:\/\/tmagency-dz.com\/wp-content\/uploads\/2021\/12\/Image1-5.jpg?id=237) !important;background-position: center !important;background-repeat: no-repeat !important;background-size: cover !important;}\u00a0\u00bb]<div class=\"cz_gap clr \" style=\"height: 500px\"><\/div>[\/vc_column][vc_column width=\u00a0\u00bb1\/2&Prime; padding_size=\u00a0\u00bbl-padding\u00a0\u00bb][vc_custom_heading text=\u00a0\u00bbEvenementiel\u00a0\u00bb font_container=\u00a0\u00bbtag:h2|font_size:50px|text_align:left|color:%23333333|line_height:1.1&Prime; google_fonts=\u00a0\u00bbfont_family:Montserrat%3Aregular%2C700|font_style:700%20bold%20regular%3A700%3Anormal\u00a0\u00bb css_animation=\u00a0\u00bbfadeInDown\u00a0\u00bb text_transform=\u00a0\u00bbnone\u00a0\u00bb animation=\u00a0\u00bbfadeInLeft\u00a0\u00bb css=\u00a0\u00bb.vc_custom_1640109294833{padding-top: 20px !important;padding-left: 10px !important;}\u00a0\u00bb][vc_row_inner css=\u00a0\u00bb.vc_custom_1437650224391{margin-right: 2% !important;margin-left: 5% !important;}\u00a0\u00bb][vc_column_inner][vc_empty_space height=\u00a0\u00bb20px\u00a0\u00bb][vc_column_text css_animation=\u00a0\u00bbfadeInRight\u00a0\u00bb css=\u00a0\u00bb.vc_custom_1640109306711{margin-top: -13px !important;padding-right: 10% !important;}\u00a0\u00bb]<span style=\"font-size: 14px;\">Organiser un \u00e9v\u00e8nement peut s\u2019av\u00e9rer repr\u00e9senter une r\u00e9elle opportunit\u00e9 pour d\u00e9velopper votre image de marque, g\u00e9n\u00e9rer de la client\u00e8le ou encore remercier vos clients.<\/span><br \/>\n<span style=\"font-size: 14px;\">Qu\u2019il s\u2019agisse d\u2019un lancement de produit, d\u2019un \u00e9v\u00e9nement networking, d\u2019une conf\u00e9rence de presse ou d\u2019une op\u00e9ration de street marketing, la MegaTeam trouvera toujours avec son client ce qui convient le mieux \u00e0 ses exigences.<\/span><br \/>\n<span style=\"font-size: 14px;\">En plus de l\u2019\u00e9v\u00e9nement en lui-m\u00eame, <b>TM AGENCY<\/b> s\u2019attelle \u00e0 proposer une v\u00e9ritable r\u00e9flexion strat\u00e9gique autour de la communication \u00e9v\u00e9nementielle de celui-ci afin de r\u00e9pondre aux enjeux d\u2019image et d\u2019opinions de ses clients. Elle apporte ainsi une expertise \u00e0 la fois strat\u00e9gique et op\u00e9rationnelle \u00e0 tous ses<\/span><br \/>\n<span style=\"font-size: 14px;\">\u00e9v\u00e9nements.<\/span><br \/>\n[\/vc_column_text][\/vc_column_inner][\/vc_row_inner][\/vc_column][\/vc_row][vc_row full_width=\u00a0\u00bbstretch_row_content_no_spaces\u00a0\u00bb row_style=\u00a0\u00bbfull-width\u00a0\u00bb vertical_align=\u00a0\u00bbmiddle\u00a0\u00bb padding_size=\u00a0\u00bbno-padding\u00a0\u00bb el_id=\u00a0\u00bbserv5&Prime;][vc_column width=\u00a0\u00bb1\/2&Prime; padding_size=\u00a0\u00bbl-padding\u00a0\u00bb][vc_custom_heading text=\u00a0\u00bbTeam building\u00a0\u00bb font_container=\u00a0\u00bbtag:h2|font_size:50px|text_align:left|color:%23333333|line_height:1.1&Prime; google_fonts=\u00a0\u00bbfont_family:Montserrat%3Aregular%2C700|font_style:700%20bold%20regular%3A700%3Anormal\u00a0\u00bb css_animation=\u00a0\u00bbfadeInDown\u00a0\u00bb text_transform=\u00a0\u00bbnone\u00a0\u00bb animation=\u00a0\u00bbfadeInLeft\u00a0\u00bb css=\u00a0\u00bb.vc_custom_1640109317218{padding-top: 20px !important;padding-left: 10px !important;}\u00a0\u00bb][vc_row_inner css=\u00a0\u00bb.vc_custom_1437650224391{margin-right: 2% !important;margin-left: 5% !important;}\u00a0\u00bb][vc_column_inner][vc_empty_space height=\u00a0\u00bb20px\u00a0\u00bb][vc_column_text css_animation=\u00a0\u00bbfadeInLeft\u00a0\u00bb css=\u00a0\u00bb.vc_custom_1640109330268{margin-top: -13px !important;padding-right: 10% !important;}\u00a0\u00bb]<span style=\"font-size: 14px;\">Nous comprenons vos enjeux internes. C&rsquo;est pourquoi, nous vous proposons diff\u00e9rents formats d&rsquo;\u00e9v\u00e9nements internes. Vous souhaitez rassembler vos \u00e9quipes, leur donner un sentiment d&rsquo;appartenance \u00e0 votre soci\u00e9t\u00e9, faire passer un \u00e9tat d\u2019esprit ou cr\u00e9er de la synergie ?<\/span><br \/>\n<span style=\"font-size: 14px;\"><b>TM AGENCY<\/b> est \u00e0 l\u2019\u00e9coute de vos probl\u00e9matiques afin de cerner la solution optimale \u00e0 mettre en place. En gage de notre inventivit\u00e9, nous nous effor\u00e7ons de proposer r\u00e9guli\u00e8rement de nouvelles animations telles que des exercices de<\/span><br \/>\n<span style=\"font-size: 14px;\">Teambuilding, des jeux de communications, des animations exp\u00e9rientielles, des activit\u00e9s ludiques et collaboratives&#8230;<\/span><br \/>\n<span style=\"font-size: 14px;\">Nous cr\u00e9ons des moments uniques au service de votre entreprise, de vos collaborateurs et de vos messages. Imaginer un univers qui vous ressemble o\u00f9 vos invit\u00e9s sont au centre de l&rsquo;\u00e9v\u00e9nement.<\/span>[\/vc_column_text][\/vc_column_inner][\/vc_row_inner][\/vc_column][vc_column width=\u00a0\u00bb1\/2&Prime; padding_size=\u00a0\u00bbno-padding\u00a0\u00bb background_color=\u00a0\u00bbrgba(255,255,255,0.7)\u00a0\u00bb css=\u00a0\u00bb.vc_custom_1700669309561{background-image: url(https:\/\/tmagency-dz.com\/wp-content\/uploads\/2021\/12\/team_building_lanzarote-scaled-1.jpg?id=239) !important;background-position: center !important;background-repeat: no-repeat !important;background-size: cover !important;}\u00a0\u00bb]<div class=\"cz_gap clr \" style=\"height: 500px\"><\/div>[\/vc_column][\/vc_row][vc_row][vc_column]<div class=\"cz_gap clr \" style=\"height: 30px\"><\/div><div id=\"cz_46578\" class=\"cz_46578 cz_title clr cz_title_pos_inline tac wpb_animate_when_almost_visible fadeInDownBig\"><div class=\"cz_title_content\"><span class=\"cz_line_side_solo\">_<\/span><div class=\"cz_wpe_content\"><p style=\"text-align: center;\"><span style=\"font-size: 32px; color: #6e275a;\"><strong><span style=\"font-family: Raleway;\">Ils nous ont fait confiance<br \/>\n<\/span><\/strong><\/span><\/p>\n<\/div><span class=\"cz_line_side_solo cz_line_side_after\" style=\"left:1px\">_<\/span><\/div><\/div><div id=\"cz_89831\" class=\"cz_89831 slick arrows_mlr no_dots\" data-slick='{\"selector\":\"\",\"slidesToShow\":3,\"slidesToScroll\":1,\"rows\":1,\"fade\":false,\"vertical\":false,\"verticalSwiping\":false,\"infinite\":true,\"speed\":1000,\"swipeToSlide\":true,\"centerMode\":false,\"centerPadding\":\"\",\"variableWidth\":false,\"autoplay\":true,\"autoplaySpeed\":4000,\"dots\":true,\"counts\":false,\"adaptiveHeight\":false,\"responsive\":[{\"breakpoint\":769,\"settings\":{\"slidesToShow\":2,\"slidesToScroll\":1,\"touchMove\":true}},{\"breakpoint\":481,\"settings\":{\"slidesToShow\":1,\"slidesToScroll\":1,\"touchMove\":true}}]}' data-slick-prev=\"fa fa-chevron-left\" data-slick-next=\"fa fa-chevron-right\">[vc_single_image image=\u00a0\u00bb243&Prime; alignment=\u00a0\u00bbcenter\u00a0\u00bb][vc_single_image image=\u00a0\u00bb244&Prime; alignment=\u00a0\u00bbcenter\u00a0\u00bb][vc_single_image image=\u00a0\u00bb245&Prime; alignment=\u00a0\u00bbcenter\u00a0\u00bb][vc_single_image image=\u00a0\u00bb246&Prime; alignment=\u00a0\u00bbcenter\u00a0\u00bb][vc_single_image image=\u00a0\u00bb247&Prime; alignment=\u00a0\u00bbcenter\u00a0\u00bb][vc_single_image image=\u00a0\u00bb248&Prime; alignment=\u00a0\u00bbcenter\u00a0\u00bb][vc_single_image image=\u00a0\u00bb249&Prime; alignment=\u00a0\u00bbcenter\u00a0\u00bb][vc_single_image image=\u00a0\u00bb250&Prime; alignment=\u00a0\u00bbcenter\u00a0\u00bb][vc_single_image image=\u00a0\u00bb251&Prime; alignment=\u00a0\u00bbcenter\u00a0\u00bb][vc_single_image image=\u00a0\u00bb252&Prime; alignment=\u00a0\u00bbcenter\u00a0\u00bb][vc_single_image image=\u00a0\u00bb253&Prime; alignment=\u00a0\u00bbcenter\u00a0\u00bb][vc_single_image image=\u00a0\u00bb254&Prime; alignment=\u00a0\u00bbcenter\u00a0\u00bb][vc_single_image image=\u00a0\u00bb255&Prime; alignment=\u00a0\u00bbcenter\u00a0\u00bb][vc_single_image image=\u00a0\u00bb256&Prime; alignment=\u00a0\u00bbcenter\u00a0\u00bb][vc_single_image image=\u00a0\u00bb257&Prime; alignment=\u00a0\u00bbcenter\u00a0\u00bb][vc_single_image image=\u00a0\u00bb258&Prime; alignment=\u00a0\u00bbcenter\u00a0\u00bb][vc_single_image image=\u00a0\u00bb259&Prime; alignment=\u00a0\u00bbcenter\u00a0\u00bb][vc_single_image image=\u00a0\u00bb260&Prime; alignment=\u00a0\u00bbcenter\u00a0\u00bb][vc_single_image image=\u00a0\u00bb261&Prime; alignment=\u00a0\u00bbcenter\u00a0\u00bb][vc_single_image image=\u00a0\u00bb263&Prime; alignment=\u00a0\u00bbcenter\u00a0\u00bb][vc_single_image image=\u00a0\u00bb262&Prime; alignment=\u00a0\u00bbcenter\u00a0\u00bb]<\/div><div><\/div>[\/vc_column][\/vc_row]<\/p>\n<\/section>","protected":false},"excerpt":{"rendered":"<p>[vc_row full_width=\u00a0\u00bbstretch_row_content_no_spaces\u00a0\u00bb row_style=\u00a0\u00bbfull-width\u00a0\u00bb vertical_align=\u00a0\u00bbmiddle\u00a0\u00bb padding_size=\u00a0\u00bbno-padding\u00a0\u00bb el_id=\u00a0\u00bbserv1&Prime;][vc_column width=\u00a0\u00bb1\/2&Prime; padding_size=\u00a0\u00bbl-padding\u00a0\u00bb][vc_custom_heading text=\u00a0\u00bbMarketing operationnel\u00a0\u00bb font_container=\u00a0\u00bbtag:h2|font_size:50px|text_align:left|color:%23333333|line_height:1.1&Prime; &#8230; <\/p>\n","protected":false},"author":1,"featured_media":0,"parent":0,"menu_order":0,"comment_status":"closed","ping_status":"closed","template":"","meta":{"footnotes":""},"class_list":["post-207","page","type-page","status-publish","hentry"],"_links":{"self":[{"href":"https:\/\/tmagency-dz.com\/index.php?rest_route=\/wp\/v2\/pages\/207","targetHints":{"allow":["GET"]}}],"collection":[{"href":"https:\/\/tmagency-dz.com\/index.php?rest_route=\/wp\/v2\/pages"}],"about":[{"href":"https:\/\/tmagency-dz.com\/index.php?rest_route=\/wp\/v2\/types\/page"}],"author":[{"embeddable":true,"href":"https:\/\/tmagency-dz.com\/index.php?rest_route=\/wp\/v2\/users\/1"}],"replies":[{"embeddable":true,"href":"https:\/\/tmagency-dz.com\/index.php?rest_route=%2Fwp%2Fv2%2Fcomments&post=207"}],"version-history":[{"count":4,"href":"https:\/\/tmagency-dz.com\/index.php?rest_route=\/wp\/v2\/pages\/207\/revisions"}],"predecessor-version":[{"id":3457,"href":"https:\/\/tmagency-dz.com\/index.php?rest_route=\/wp\/v2\/pages\/207\/revisions\/3457"}],"wp:attachment":[{"href":"https:\/\/tmagency-dz.com\/index.php?rest_route=%2Fwp%2Fv2%2Fmedia&parent=207"}],"curies":[{"name":"wp","href":"https:\/\/api.w.org\/{rel}","templated":true}]}}